{"id":3071,"date":"2023-09-07T13:28:28","date_gmt":"2023-09-07T11:28:28","guid":{"rendered":"https:\/\/hrubieszow.bernardyni.pl\/index.php\/wspolnota\/"},"modified":"2025-03-27T17:18:49","modified_gmt":"2025-03-27T16:18:49","slug":"wspolnota","status":"publish","type":"page","link":"https:\/\/hrubieszow.bernardyni.pl\/index.php\/wspolnota\/","title":{"rendered":"Wsp\u00f3lnota"},"content":{"rendered":"\n    \n    <section class=\"u-clearfix u-grey-10 u-section-2\" id=\"sec-a95d\">\n      <div class=\"u-clearfix u-sheet u-sheet-1\">\n        <h2 class=\"u-align-center u-text u-text-default u-text-1\">WSP\u00d3LNOTA<\/h2>\n        <h5 class=\"u-align-justify u-text u-text-default u-text-2\">\n          <br>Klasztor OO. Bernardyn\u00f3w znajduje si\u0119 przy ko\u015bciele parafialnym \u015bw. Stanis\u0142awa Kostki, kt\u00f3ry zosta\u0142 powierzony duszpasterstwu parafialnemu bernardyn\u00f3w przez biskupa zamojsko - lubaczowskiego Jana \u015arutw\u0119 w dniu 13 czerwca 2001r. W uroczysto\u015b\u0107 Bo\u017cego Cia\u0142a, 14 czerwca 2001r., prowincja\u0142 bernardyn\u00f3w o. Romuald Ko\u015bla, w stoj\u0105cej przy ko\u015bciele plebanii erygowa\u0142 dom zakonny. Uroczyste przej\u0119cie plac\u00f3wki przez bernardyn\u00f3w mia\u0142o miejsce 24 czerwca 2001r., a uroczysto\u015b\u0107 intronizacji Cudownego Obrazu Matki Bo\u017cej Sokalskiej odby\u0142a si\u0119 w dniach 7-8 wrze\u015bnia 2002r., po przeprowadzeniu koniecznych prac remontowo - renowacyjnych w ko\u015bciele. Wcze\u015bniej, 19 sierpnia 2002r., podczas Mszy \u015bw. koncelebrowanej w Bazylice Matki Bo\u017cej Anielskiej w Kalwarii Zebrzydowskiej, Ojciec \u015awi\u0119ty Jan Pawe\u0142 II po\u015bwi\u0119ci\u0142 nowe korony dla Matki Bo\u017cej Sokalskiej i Dzieci\u0105tka Jezus. G\u0142ownym zadaniem bernardyn\u00f3w w Hrubieszowie jest duszpasterstwo parafialne i szerzenie kultu Matki Bo\u017cej Sokalskiej. W 2009 r. ko\u015bci\u00f3\u0142 w Hrubieszowie zosta\u0142 ustanowiony diecezjalnym Sanktuarium maryjnym.&nbsp; <br>\n          <br>\n          <br>Wsp\u00f3lnota klasztoru:<br>\n          <br>O. Juliusz Ch\u0142anda&nbsp;- kustosz sanktuarium, gwardian i proboszcz parafii<br>O. Bruno Noco\u0144&nbsp;- wikariusz klasztoru i parafii<br>O. Oktawian Jusiak&nbsp;- profesor w Pa\u0144stwowej Akademii Nauk Stosowanych w Che\u0142mie&nbsp; <br>\n        <\/h5>\n      <\/div>\n    <\/section>\n    \n    \n    \n  \n","protected":false},"excerpt":{"rendered":"<p>WSP\u00d3LNOTA Klasztor OO. Bernardyn\u00f3w znajduje si\u0119 przy ko\u015bciele parafialnym \u015bw. Stanis\u0142awa Kostki, kt\u00f3ry zosta\u0142 powierzony duszpasterstwu parafialnemu bernardyn\u00f3w przez biskupa zamojsko &#8211; lubaczowskiego Jana \u015arutw\u0119 w dniu 13 czerwca 2001r. W uroczysto\u015b\u0107 Bo\u017cego Cia\u0142a, 14 czerwca 2001r., prowincja\u0142 bernardyn\u00f3w o. Romuald Ko\u015bla, w stoj\u0105cej przy ko\u015bciele plebanii erygowa\u0142 dom zakonny. Uroczyste przej\u0119cie plac\u00f3wki przez bernardyn\u00f3w &hellip; <a href=\"https:\/\/hrubieszow.bernardyni.pl\/index.php\/wspolnota\/\" class=\"more-link\">Continue reading<span class=\"screen-reader-text\"> &#8222;Wsp\u00f3lnota&#8221;<\/span><\/a><\/p>\n","protected":false},"author":2,"featured_media":0,"parent":0,"menu_order":2,"comment_status":"closed","ping_status":"closed","template":"","meta":{"footnotes":""},"class_list":["post-3071","page","type-page","status-publish","hentry"],"_links":{"self":[{"href":"https:\/\/hrubieszow.bernardyni.pl\/index.php\/wp-json\/wp\/v2\/pages\/3071","targetHints":{"allow":["GET"]}}],"collection":[{"href":"https:\/\/hrubieszow.bernardyni.pl\/index.php\/wp-json\/wp\/v2\/pages"}],"about":[{"href":"https:\/\/hrubieszow.bernardyni.pl\/index.php\/wp-json\/wp\/v2\/types\/page"}],"author":[{"embeddable":true,"href":"https:\/\/hrubieszow.bernardyni.pl\/index.php\/wp-json\/wp\/v2\/users\/2"}],"replies":[{"embeddable":true,"href":"https:\/\/hrubieszow.bernardyni.pl\/index.php\/wp-json\/wp\/v2\/comments?post=3071"}],"version-history":[{"count":0,"href":"https:\/\/hrubieszow.bernardyni.pl\/index.php\/wp-json\/wp\/v2\/pages\/3071\/revisions"}],"wp:attachment":[{"href":"https:\/\/hrubieszow.bernardyni.pl\/index.php\/wp-json\/wp\/v2\/media?parent=3071"}],"curies":[{"name":"wp","href":"https:\/\/api.w.org\/{rel}","templated":true}]}}