{"id":3073,"date":"2023-09-07T13:28:30","date_gmt":"2023-09-07T11:28:30","guid":{"rendered":"https:\/\/hrubieszow.bernardyni.pl\/index.php\/bierzmowanie\/"},"modified":"2025-03-27T17:16:41","modified_gmt":"2025-03-27T16:16:41","slug":"bierzmowanie","status":"publish","type":"page","link":"https:\/\/hrubieszow.bernardyni.pl\/index.php\/bierzmowanie\/","title":{"rendered":"Bierzmowanie"},"content":{"rendered":"\n    \n    <section class=\"u-clearfix u-grey-10 u-section-2\" id=\"sec-a95d\">\n      <div class=\"u-clearfix u-sheet u-valign-middle u-sheet-1\">\n        <div class=\"fr-view u-align-center u-clearfix u-rich-text u-text u-text-1\">\n          <h5 id=\"isPasted\">\n            <span style=\"font-weight: 700;\">BIERZMOWANIE<\/span>\n          <\/h5>\n          <h5 style=\"text-align: justify;\">&nbsp; Sakrament bierzmowania udzielany jest co 2 lata m\u0142odzie\u017cy z VIII klasy szko\u0142y podstawowej oraz z I klasy szko\u0142y ponadpodstawowej.<\/h5>\n          <h5 style=\"text-align: justify;\">Przygotowuj\u0105 do niego katecheci w czasie zaj\u0119\u0107 szkolnych oraz na specjalnej katechezie przy parafii. Przypominamy, \u017ce do tego sakramentu przyst\u0119pujemy w parafii zamieszkania ( a nie np. w parafii, na terenie kt\u00f3rej znajduje si\u0119 szko\u0142a, w kt\u00f3rej si\u0119 ucz\u0119!). Do ko\u0144ca sierpnia zg\u0142aszamy w kancelarii ch\u0119\u0107 przygotowania si\u0119 i przyj\u0119cia bierzmowania w rozpoczynaj\u0105cym si\u0119 roku szkolnym. Kandydaci zostan\u0105 poinformowani o terminach i sposobie przygotowania. Natomiast do ko\u0144ca pa\u017adziernika trzeba dostarczy\u0107 metryk\u0119 chrztu \u015bwi\u0119tego.&nbsp;<\/h5>\n          <h5>\n            <br>\n          <\/h5>\n        <\/div>\n      <\/div>\n    <\/section>\n    \n    \n    \n  \n","protected":false},"excerpt":{"rendered":"<p>BIERZMOWANIE &nbsp; Sakrament bierzmowania udzielany jest co 2 lata m\u0142odzie\u017cy z VIII klasy szko\u0142y podstawowej oraz z I klasy szko\u0142y ponadpodstawowej. Przygotowuj\u0105 do niego katecheci w czasie zaj\u0119\u0107 szkolnych oraz na specjalnej katechezie przy parafii. Przypominamy, \u017ce do tego sakramentu przyst\u0119pujemy w parafii zamieszkania ( a nie np. w parafii, na terenie kt\u00f3rej znajduje si\u0119 &hellip; <a href=\"https:\/\/hrubieszow.bernardyni.pl\/index.php\/bierzmowanie\/\" class=\"more-link\">Continue reading<span class=\"screen-reader-text\"> &#8222;Bierzmowanie&#8221;<\/span><\/a><\/p>\n","protected":false},"author":2,"featured_media":0,"parent":0,"menu_order":4,"comment_status":"closed","ping_status":"closed","template":"","meta":{"footnotes":""},"class_list":["post-3073","page","type-page","status-publish","hentry"],"_links":{"self":[{"href":"https:\/\/hrubieszow.bernardyni.pl\/index.php\/wp-json\/wp\/v2\/pages\/3073","targetHints":{"allow":["GET"]}}],"collection":[{"href":"https:\/\/hrubieszow.bernardyni.pl\/index.php\/wp-json\/wp\/v2\/pages"}],"about":[{"href":"https:\/\/hrubieszow.bernardyni.pl\/index.php\/wp-json\/wp\/v2\/types\/page"}],"author":[{"embeddable":true,"href":"https:\/\/hrubieszow.bernardyni.pl\/index.php\/wp-json\/wp\/v2\/users\/2"}],"replies":[{"embeddable":true,"href":"https:\/\/hrubieszow.bernardyni.pl\/index.php\/wp-json\/wp\/v2\/comments?post=3073"}],"version-history":[{"count":0,"href":"https:\/\/hrubieszow.bernardyni.pl\/index.php\/wp-json\/wp\/v2\/pages\/3073\/revisions"}],"wp:attachment":[{"href":"https:\/\/hrubieszow.bernardyni.pl\/index.php\/wp-json\/wp\/v2\/media?parent=3073"}],"curies":[{"name":"wp","href":"https:\/\/api.w.org\/{rel}","templated":true}]}}