{"id":3074,"date":"2023-09-07T13:28:31","date_gmt":"2023-09-07T11:28:31","guid":{"rendered":"https:\/\/hrubieszow.bernardyni.pl\/index.php\/obiekt-sakralny\/"},"modified":"2025-03-24T14:46:13","modified_gmt":"2025-03-24T13:46:13","slug":"obiekt-sakralny","status":"publish","type":"page","link":"https:\/\/hrubieszow.bernardyni.pl\/index.php\/obiekt-sakralny\/","title":{"rendered":"Obiekt Sakralny"},"content":{"rendered":"\n    \n    <section class=\"u-clearfix u-grey-10 u-section-2\" id=\"sec-a95d\">\n      <div class=\"u-clearfix u-sheet u-valign-middle u-sheet-1\">\n        <div class=\"fr-view u-align-center u-clearfix u-rich-text u-text u-text-1\">\n          <h6 id=\"isPasted\">\n            <span style=\"font-weight: 700;\">&nbsp;<span style=\"font-size: 1.125rem;\">Historia i opis obiektu sakralnego<\/span>&nbsp;\n            <\/span>\n          <\/h6>\n          <h6 style=\"text-align: justify;\">Ko<img decoding=\"async\" src=\"https:\/\/hrubieszow.bernardyni.pl\/wp-content\/uploads\/2023\/09\/image5-10.png\" width=\"570\" align=\"middle\" style=\"width: 357px;\" class=\"fr-dii fr-fic fr-fil\">\u015bci\u00f3\u0142 \u015bw. Stanis\u0142awa Kostki to dawna cerkiew greko-katolicka. p.w. \u015bw. Miko\u0142aja. Pierwsza cerkiew istnia\u0142a na tym miejscu przed 1630 rokiem. W 1731 wzmiankowana jako drewniana. Obecn\u0105 wzniesiono w latach 1795\u20141828 wg projektu arch. Losy de Losenau. Przed 1875 oddana wsp\u00f3lnocie prawos\u0142awnej. Remontowana 1910. Rekoncyliowana 1918. Gruntownie odnowiona w roku 1953. Obecnie utrzymana w stylu barokowo-klasycystycznym. W roku 1780 dobudowano od wschodu dzwonnic\u0119. W roku 1888 przerobiono j\u0105 na kaplic\u0119, kt\u00f3rej wn\u0119trze \u0142\u0105czy si\u0119 z prezbiterium ko\u015bcio\u0142a niewielk\u0105 krucht\u0105.\n          <\/h6>\n          <h6 style=\"text-align: justify;\">&nbsp; Ko\u015bci\u00f3\u0142 po\u0142o\u017cony na cyplu p\u0142askowzg\u00f3rza, opadaj\u0105cego od p\u00f3\u0142nocy strom\u0105 skarp\u0105 ku dolinie rzeki Huczwy. Fronton zwr\u00f3cony na po\u0142udnie. Otoczony starodrzewem. W po\u0142udniowo \u2013 wschodnim naro\u017cu dzia\u0142ki parterowy budynek plebanii (obecnie domu zakonnego). Od po\u0142udniowego zachodu znajduje si\u0119 wolnostoj\u0105ca wie\u017ca, przy niej pami\u0105tkowe krzy\u017ce.&nbsp;<\/h6>\n          <h6>Ko\u015bci\u00f3\u0142 murowany, tynkowany. Bry\u0142a mocno rozcz\u0142onkowana. Korpus nawowy obszerniejszy od p\u00f3\u0142koli\u015bcie zamkni\u0119tego prezbiterium, poprzedzony krucht\u0105. \u015aciany wsparte wydatnymi szkarpami (1910r.) Prezbiterium od zachodu wyposa\u017cone w prostok\u0105tn\u0105 zakrysti\u0119. Od wschodu pi\u0119trowa kaplica z parterow\u0105 absyd\u0105 od p\u00f3\u0142nocy. Dachy dwuspadowe z tr\u00f3jk\u0105tnymi szczytami. Nad zakrysti\u0105 pulpitowy, na absydach prezbiterium i kaplicy sto\u017ckowe. Wi\u0119\u017aba dachowa drewniana, krokwiowa z wieszarami, pokryta blach\u0105 ocynkowan\u0105. Nad prezbiterium skromna sygnaturka z 1953r. <\/h6>\n          <h6 style=\"text-align: justify;\">&nbsp;Dwukondygnacyjn\u0105 fasad\u0119 poprzedza parterowa kruchta prostok\u0105tna z otworami drzwiowymi w ka\u017cdej \u015bcianie. \u015aciany rozcz\u0142onkowane parami pilastr\u00f3w, na nich wydatny gzyms, powy\u017cej tr\u00f3jk\u0105tny szczyt z malowid\u0142em. Wej\u015bcie g\u0142\u00f3wne uj\u0119te w wyprofilowane w zaprawie murarskiej obramienie portalowe w formie arkady. Analogicznie opracowane \u015bciany boczne kruchty. Ponad dachem kruchty pojedyncze pilastry d\u017awigaj\u0105ce gzyms wie\u0144cz\u0105cy. Pomi\u0119dzy pilastrami, na osi fasady okno zamkni\u0119te p\u00f3\u0142koli\u015bcie. W centrum tr\u00f3jk\u0105tnego szczytu p\u0142ytka nisza z obrazem. Boczne \u015bciany nawy oszkarpowane. Pomi\u0119dzy szkarpami p\u00f3\u0142koliste okna w profilowanych obramieniach. Gzyms wie\u0144cz\u0105cy analogiczny do frontowego. Fasada kaplicy tr\u00f3jdzielna, uj\u0119ta w naro\u017cach pilastrami podwojonymi w kondygnacji \u015brodkowej. W przyziemiu p\u00f3\u0142koli\u015bcie zamkni\u0119te wej\u015bcie w listwowym obramieniu o \u015bci\u0119tych naro\u017cach. Na osi g\u00f3rnej kondygnacji okno zamkni\u0119te \u0142ukiem odcinkowym w listwowym obramieniu o identycznym wykroju. Na osi tr\u00f3jk\u0105tnego szczytu nisza.&nbsp;<\/h6>\n          <h6 style=\"text-align: justify;\">\n            <img decoding=\"async\" src=\"https:\/\/hrubieszow.bernardyni.pl\/wp-content\/uploads\/2023\/09\/image6-10.png\" width=\"570\" align=\"middle\" style=\"width: 319px;\" class=\"fr-dii fr-fic fr-fir\">&nbsp;Wn\u0119trze typu halowego, jednoprzestrzenne, tr\u00f3jprz\u0119s\u0142owe. Nawa prostok\u0105tna, prezbiterium wydzielone \u0142ukiem t\u0119czowym, w\u0119\u017c\u00adsze i ni\u017csze od nawy, zamkni\u0119te p\u00f3\u0142koli\u015bcie. \u015aciany rozcz\u0142onkowane pilastrami podtrzymuj\u0105cymi wydatny gzyms, w nawie mi\u0119dzy pilastrami wn\u0119ki zamkni\u0119te \u0142ukiem koszowym. Sklepienia kolebkowo-krzy\u017cowe na gur\u00adtach. Ch\u00f3r muzyczny murowany, tr\u00f3jdzielny, wsparty na arkadowych filarach. W niszach nawy i \u015bcianach prezbiterium polichromie ze scenami z \u017cycia Chrystusa. Wiele element\u00f3w dekoracyjnych ro\u015blinnych i geometrycznych, \u017cywa kolorystyka. Okna typu witra\u017cowego z kolorowymi szybkami. Dwoje drzwi ze starymi okuciami.\n          <\/h6>\n          <h6 style=\"text-align: justify;\">&nbsp; W wyposa\u017ceniu trzy o\u0142tarze drewniane typu architektonicznego, dziewi\u0119tnastowieczne. &nbsp;O\u0142tarz g\u0142\u00f3wny kolumnowy, neoklasycystyczny, drewniany ze z\u0142oconym detalem snycerskim. G\u0142\u0119boka nisza retabulum flankowana parami kolumn d\u017awigaj\u0105cych belkowanie gierowanego gzymsu. Nad kolumnami pary stylizowanych wazon\u00f3w, w centrum zwie\u0144czenie w postaci z\u0142oconej glorii z emblematem Oka Opatrzno\u015bci. Na antepedium i skrzyniach podstawy olistwowane p\u0142yciny prostok\u0105tne z motywem wie\u0144ca. W niszy o\u0142tarzowej obraz Matki Bo\u017cej Sokalskiej. Nad tabernakulum z\u0142ocona p\u0142askorze\u017aba z motywem Pelikana. Ca\u0142o\u015b\u0107 nastawy kulisowo wysuni\u0119ta r\u00f3wnolegle do lica p\u00f3\u0142kolistej \u015bciany absydy, Za kolumnad\u0105 w\u0105skie przej\u015bcie. Dwa o\u0142tarze boczne ustawione symetrycznie przy \u015bcianach pod \u0142ukiem t\u0119czowym. Neobarokowe, drewniane, z elementami z\u0142oconej snycerki. Prostok\u0105tne pola obrazowe flankowane pojedynczymi kolumnami, gzyms rozcz\u0142onkowany, fantazyjnie gi\u0119ty, zwie\u0144czenie zako\u0144czone \u0142ukiem wkl\u0119s\u0142o \u2013 wypuk\u0142ym. Antepedia wyposa\u017cone w z\u0142ocone emblematy. Nad obrazami hierogramy Jezusa i Maryi. W partiach zwie\u0144cze\u0144 z\u0142ocone glorie.<\/h6>\n          <h6 style=\"text-align: justify;\">&nbsp; Hrubiesz\u00f3w to siedemnastotysi\u0119czne miasto \u2013 stolica powiatu w woj. lubelskim, po\u0142o\u017cone tu\u017c przy granicy polsko-ukrai\u0144skiej. A\u017c do pocz. XIX wieku miasto nosi\u0142o nazw\u0119 Rubiesz\u00f3w. W 1400 r. W\u0142adys\u0142aw Jagie\u0142\u0142o nada\u0142 Rubieszowowi prawa miejskie. Prze cztery wieki miastem opiekowali si\u0119 kr\u00f3lowie. Wielokrotnie by\u0142o niszczone przez wojska nieprzyjacielskie: tatarskie, kozackie i szwedzkie. Jedna z najszczytniejszych kart w historii miasta zwi\u0105zana jest z osob\u0105 ks. Stanis\u0142awa Staszica, w\u0142a\u015bciciela miasta i okolicznych d\u00f3br. Tutaj r\u00f3wnie\u017c urodzi\u0142 si\u0119 Aleksander G\u0142owacki czyli Bols\u0142aw Prus. Urokliwe zabytki miasta znane s\u0105 dzi\u0119ki rysunkom i opowie\u015bciom pochodz\u0105cego st\u0105d prof. Wiktora Zina. OO. Bernardyni przybyli tutaj w 2001 roku na zaproszenie Ks. Bpa Jana \u015arutwy, ordynariusza diec. zamojsko-lubaczowskiej. Erekcja domu zakonnego i parafii mia\u0142a miejsce 24 czerwca 2001 r.<\/h6>\n          <h6>\n            <br>\n          <\/h6>\n        <\/div>\n      <\/div>\n    <\/section>\n    \n    \n    \n  \n","protected":false},"excerpt":{"rendered":"<p>&nbsp;Historia i opis obiektu sakralnego&nbsp; Ko\u015bci\u00f3\u0142 \u015bw. Stanis\u0142awa Kostki to dawna cerkiew greko-katolicka. p.w. \u015bw. Miko\u0142aja. Pierwsza cerkiew istnia\u0142a na tym miejscu przed 1630 rokiem. W 1731 wzmiankowana jako drewniana. Obecn\u0105 wzniesiono w latach 1795\u20141828 wg projektu arch. Losy de Losenau. Przed 1875 oddana wsp\u00f3lnocie prawos\u0142awnej. Remontowana 1910. Rekoncyliowana 1918. Gruntownie odnowiona w roku 1953. &hellip; <a href=\"https:\/\/hrubieszow.bernardyni.pl\/index.php\/obiekt-sakralny\/\" class=\"more-link\">Continue reading<span class=\"screen-reader-text\"> &#8222;Obiekt Sakralny&#8221;<\/span><\/a><\/p>\n","protected":false},"author":2,"featured_media":0,"parent":0,"menu_order":5,"comment_status":"closed","ping_status":"closed","template":"","meta":{"footnotes":""},"class_list":["post-3074","page","type-page","status-publish","hentry"],"_links":{"self":[{"href":"https:\/\/hrubieszow.bernardyni.pl\/index.php\/wp-json\/wp\/v2\/pages\/3074","targetHints":{"allow":["GET"]}}],"collection":[{"href":"https:\/\/hrubieszow.bernardyni.pl\/index.php\/wp-json\/wp\/v2\/pages"}],"about":[{"href":"https:\/\/hrubieszow.bernardyni.pl\/index.php\/wp-json\/wp\/v2\/types\/page"}],"author":[{"embeddable":true,"href":"https:\/\/hrubieszow.bernardyni.pl\/index.php\/wp-json\/wp\/v2\/users\/2"}],"replies":[{"embeddable":true,"href":"https:\/\/hrubieszow.bernardyni.pl\/index.php\/wp-json\/wp\/v2\/comments?post=3074"}],"version-history":[{"count":0,"href":"https:\/\/hrubieszow.bernardyni.pl\/index.php\/wp-json\/wp\/v2\/pages\/3074\/revisions"}],"wp:attachment":[{"href":"https:\/\/hrubieszow.bernardyni.pl\/index.php\/wp-json\/wp\/v2\/media?parent=3074"}],"curies":[{"name":"wp","href":"https:\/\/api.w.org\/{rel}","templated":true}]}}