{"id":3078,"date":"2023-09-07T13:28:35","date_gmt":"2023-09-07T11:28:35","guid":{"rendered":"https:\/\/hrubieszow.bernardyni.pl\/index.php\/komunikaty\/"},"modified":"2025-03-24T14:47:49","modified_gmt":"2025-03-24T13:47:49","slug":"komunikaty","status":"publish","type":"page","link":"https:\/\/hrubieszow.bernardyni.pl\/index.php\/komunikaty\/","title":{"rendered":"Komunikaty"},"content":{"rendered":"\n    \n    <section class=\"u-clearfix u-grey-10 u-section-2\" id=\"sec-a95d\">\n      <div class=\"u-clearfix u-sheet u-sheet-1\">\n        <div class=\"fr-view u-align-center u-clearfix u-rich-text u-text u-text-1\">\n          <h6>\n            <br>\n          <\/h6>\n          <h6>\n            <span style=\"font-weight: 700;\">KOMUNIKATY:<\/span>\n          <\/h6>\n          <h6 style=\"margin-bottom:0cm;margin-bottom:.0001pt;line-height:  normal;\">\n            <br>\n          <\/h6>\n          <h6 style=\"text-align: justify;\">20.10.2021. Komunikat Burmistrza Miasta Hrubieszowa w sprawie naboru do Hrubieszowskiej Rady Senior\u00f3w.<\/h6>\n          <h6 style=\"text-align: justify;\">28.09.2021. Wezwanie Pa\u0144stwowego Powiatowego Inspektora Sanitarnego w Hrubieszowie w zwi\u0105zku z sytuacj\u0105 epidemiologiczn\u0105.<\/h6>\n          <h6 style=\"text-align: justify;\">13.09.2021. Komunikat Burmistrza Miasta Hrubieszowa w zwi\u0105zku z obchodem Dnia Podziemnego Pa\u0144stwa Polskiego. Program obchod\u00f3w.<\/h6>\n          <h6 style=\"text-align: justify;\">06.09.2021. Komunikat Burmistrza Miasta Hrubieszowa w zwi\u0105zku z obchodem 82. rocznicy napa\u015bci Armii Czerwonej na Polsk\u0119. Program obchod\u00f3w.<\/h6>\n          <h6>\n            <br>\n          <\/h6>\n          <h6>\n            <br>\n          <\/h6>\n        <\/div>\n      <\/div>\n    <\/section>\n    \n    \n    \n  \n","protected":false},"excerpt":{"rendered":"<p>KOMUNIKATY: 20.10.2021. Komunikat Burmistrza Miasta Hrubieszowa w sprawie naboru do Hrubieszowskiej Rady Senior\u00f3w. 28.09.2021. Wezwanie Pa\u0144stwowego Powiatowego Inspektora Sanitarnego w Hrubieszowie w zwi\u0105zku z sytuacj\u0105 epidemiologiczn\u0105. 13.09.2021. Komunikat Burmistrza Miasta Hrubieszowa w zwi\u0105zku z obchodem Dnia Podziemnego Pa\u0144stwa Polskiego. Program obchod\u00f3w. 06.09.2021. Komunikat Burmistrza Miasta Hrubieszowa w zwi\u0105zku z obchodem 82. rocznicy napa\u015bci Armii Czerwonej &hellip; <a href=\"https:\/\/hrubieszow.bernardyni.pl\/index.php\/komunikaty\/\" class=\"more-link\">Continue reading<span class=\"screen-reader-text\"> &#8222;Komunikaty&#8221;<\/span><\/a><\/p>\n","protected":false},"author":2,"featured_media":0,"parent":0,"menu_order":9,"comment_status":"closed","ping_status":"closed","template":"","meta":{"footnotes":""},"class_list":["post-3078","page","type-page","status-publish","hentry"],"_links":{"self":[{"href":"https:\/\/hrubieszow.bernardyni.pl\/index.php\/wp-json\/wp\/v2\/pages\/3078","targetHints":{"allow":["GET"]}}],"collection":[{"href":"https:\/\/hrubieszow.bernardyni.pl\/index.php\/wp-json\/wp\/v2\/pages"}],"about":[{"href":"https:\/\/hrubieszow.bernardyni.pl\/index.php\/wp-json\/wp\/v2\/types\/page"}],"author":[{"embeddable":true,"href":"https:\/\/hrubieszow.bernardyni.pl\/index.php\/wp-json\/wp\/v2\/users\/2"}],"replies":[{"embeddable":true,"href":"https:\/\/hrubieszow.bernardyni.pl\/index.php\/wp-json\/wp\/v2\/comments?post=3078"}],"version-history":[{"count":0,"href":"https:\/\/hrubieszow.bernardyni.pl\/index.php\/wp-json\/wp\/v2\/pages\/3078\/revisions"}],"wp:attachment":[{"href":"https:\/\/hrubieszow.bernardyni.pl\/index.php\/wp-json\/wp\/v2\/media?parent=3078"}],"curies":[{"name":"wp","href":"https:\/\/api.w.org\/{rel}","templated":true}]}}