{"id":3232,"date":"2023-12-18T14:36:23","date_gmt":"2023-12-18T13:36:23","guid":{"rendered":"https:\/\/hrubieszow.bernardyni.pl\/?page_id=3232"},"modified":"2023-12-18T14:36:23","modified_gmt":"2023-12-18T13:36:23","slug":"patron","status":"publish","type":"page","link":"https:\/\/hrubieszow.bernardyni.pl\/index.php\/patron\/","title":{"rendered":"Patron"},"content":{"rendered":"\n    \n    <section class=\"u-clearfix u-grey-10 u-lightbox u-section-2\" id=\"sec-3bf0\">\n      <div class=\"u-clearfix u-sheet u-sheet-1\">\n        <div class=\"data-layout-selected u-clearfix u-expanded-width u-layout-wrap u-layout-wrap-1\">\n          <div class=\"u-layout\">\n            <div class=\"u-layout-row\">\n              <div class=\"u-align-center u-container-style u-layout-cell u-left-cell u-size-30 u-layout-cell-1\">\n                <div class=\"u-container-layout u-valign-top u-container-layout-1\">\n                  <h2 class=\"u-custom-font u-font-playfair-display u-text u-text-black u-text-1\"> Akt oddania Bogu <br>za wstawiennictwem <br>\u015bw. Stanis\u0142awa Kostki\n                  <\/h2>\n                  <div class=\"u-border-6 u-border-grey-dark-1 u-line u-line-horizontal u-line-1\"><\/div>\n                  <img decoding=\"async\" class=\"u-image u-image-1\" src=\"https:\/\/hrubieszow.bernardyni.pl\/wp-content\/uploads\/2023\/09\/F1000002.jpg\" data-image-width=\"1232\" data-image-height=\"1840\">\n                <\/div>\n              <\/div>\n              <div class=\"u-align-justify u-container-style u-layout-cell u-right-cell u-size-30 u-layout-cell-2\">\n                <div class=\"u-container-layout u-valign-top u-container-layout-2\">\n                  <p class=\"u-text u-text-black u-text-2\">\n                    <span style=\"font-size: 1.25rem;\">Bo\u017ce,\n Ty jeste\u015b mi\u0142o\u015bci\u0105 i chcesz, \u201eaby wszyscy ludzie byli zbawieni i doszli\n do poznania prawdy\u201d (1 Tm 2, 4). Dzi\u0119kujemy Ci za to, \u017ce w Synu Twoim i\n przez Niego dokona\u0142o si\u0119 nasze ca\u0142kowite pojednanie z Tob\u0105.Wpatrzeni\n w przyk\u0142ad \u015bw. Stanis\u0142awa Kostki, pragniemy kocha\u0107 Ci\u0119 i jak on i\u015b\u0107 \ntam, dok\u0105d nas zawiedziesz. Niech o\u017cywi si\u0119 w nas wiara w Ko\u015bci\u00f3\u0142 \n\u015bwi\u0119ty, kt\u00f3ry, jak mawia\u0142 nasz Patron, \u201ezwyci\u0119\u017ca, gdy jest ranny; i \nwtedy si\u0119 Go rozumie, kiedy si\u0119 Go poznaje, wtedy wychodzi naprzeciw, \ngdy si\u0119 Go pragnie\u201d. Panie, Bo\u017ce nasz, przez przyczyn\u0119 \u015bwi\u0119tego \nStanis\u0142awa, zechciej przyj\u0105\u0107 nasz umys\u0142, aby zawsze szuka\u0142 i odnajdywa\u0142 \nCiebie; nasze serce, aby coraz bardziej otwiera\u0142o si\u0119 ku Tobie i \nnape\u0142nia\u0142o Twoj\u0105 mi\u0142o\u015bci\u0105 i nasz\u0105 wol\u0119, by\u015bmy byli mocni i konsekwentnie\n kierowali si\u0119 w \u017cyciu Ewangeli\u0105. Niech spe\u0142ni\u0105 si\u0119 w nas s\u0142owa \n\u015awi\u0119tego: \u201echocia\u017c by si\u0119 los chwia\u0142, b\u0119d\u0119 sta\u0142 mocno\u201d. Pragniemy,\n za przyk\u0142adem Stanis\u0142awa, serdecznie ukocha\u0107 Matk\u0119 Twojego Syna, Matk\u0119 \nwierz\u0105cych, Matk\u0119 Bo\u017c\u0105 Sokalsk\u0105, bo Ona wskazuje drog\u0119 do Zbawiciela. Niech\n nasze oddanie zaniesie przed Twoje oblicze Pan nasz Jezus Chrystus, \nkt\u00f3ry z Tob\u0105 \u017cyje i kr\u00f3luje, w jedno\u015bci Ducha \u015awi\u0119tego, B\u00f3g, przez \nwszystkie wieki wiek\u00f3w.&nbsp; Amen.<\/span>\n                  <\/p>\n                <\/div>\n              <\/div>\n            <\/div>\n          <\/div>\n        <\/div>\n      <\/div>\n    <\/section>\n    \n    \n    \n  \n","protected":false},"excerpt":{"rendered":"<p>Akt oddania Bogu za wstawiennictwem \u015bw. Stanis\u0142awa Kostki Bo\u017ce, Ty jeste\u015b mi\u0142o\u015bci\u0105 i chcesz, \u201eaby wszyscy ludzie byli zbawieni i doszli do poznania prawdy\u201d (1 Tm 2, 4). Dzi\u0119kujemy Ci za to, \u017ce w Synu Twoim i przez Niego dokona\u0142o si\u0119 nasze ca\u0142kowite pojednanie z Tob\u0105.Wpatrzeni w przyk\u0142ad \u015bw. Stanis\u0142awa Kostki, pragniemy kocha\u0107 Ci\u0119 i &hellip; <a href=\"https:\/\/hrubieszow.bernardyni.pl\/index.php\/patron\/\" class=\"more-link\">Continue reading<span class=\"screen-reader-text\"> &#8222;Patron&#8221;<\/span><\/a><\/p>\n","protected":false},"author":2,"featured_media":0,"parent":0,"menu_order":0,"comment_status":"closed","ping_status":"closed","template":"","meta":{"footnotes":""},"class_list":["post-3232","page","type-page","status-publish","hentry"],"_links":{"self":[{"href":"https:\/\/hrubieszow.bernardyni.pl\/index.php\/wp-json\/wp\/v2\/pages\/3232","targetHints":{"allow":["GET"]}}],"collection":[{"href":"https:\/\/hrubieszow.bernardyni.pl\/index.php\/wp-json\/wp\/v2\/pages"}],"about":[{"href":"https:\/\/hrubieszow.bernardyni.pl\/index.php\/wp-json\/wp\/v2\/types\/page"}],"author":[{"embeddable":true,"href":"https:\/\/hrubieszow.bernardyni.pl\/index.php\/wp-json\/wp\/v2\/users\/2"}],"replies":[{"embeddable":true,"href":"https:\/\/hrubieszow.bernardyni.pl\/index.php\/wp-json\/wp\/v2\/comments?post=3232"}],"version-history":[{"count":0,"href":"https:\/\/hrubieszow.bernardyni.pl\/index.php\/wp-json\/wp\/v2\/pages\/3232\/revisions"}],"wp:attachment":[{"href":"https:\/\/hrubieszow.bernardyni.pl\/index.php\/wp-json\/wp\/v2\/media?parent=3232"}],"curies":[{"name":"wp","href":"https:\/\/api.w.org\/{rel}","templated":true}]}}