{"id":3387,"date":"2023-12-18T14:57:50","date_gmt":"2023-12-18T13:57:50","guid":{"rendered":"https:\/\/hrubieszow.bernardyni.pl\/?page_id=3387"},"modified":"2025-03-24T14:48:02","modified_gmt":"2025-03-24T13:48:02","slug":"historia","status":"publish","type":"page","link":"https:\/\/hrubieszow.bernardyni.pl\/index.php\/historia\/","title":{"rendered":"Historia"},"content":{"rendered":"\n    \n    <section class=\"u-align-left u-clearfix u-lightbox u-section-2\" id=\"sec-dfd0\">\n      <div class=\"u-clearfix u-sheet u-sheet-1\">\n        <div class=\"fr-view u-align-right u-clearfix u-rich-text u-text u-text-1\" data-animation-name=\"customAnimationIn\" data-animation-duration=\"1000\">\n          <p id=\"isPasted\" style=\"text-align: center;\">\n            <span class=\"u-custom-font u-font-arial\" style=\"text-transform: uppercase; font-weight: 700;\">\n              <span class=\"u-text-custom-color-3\" style=\"font-size: 1.5rem;\">ordo fratrum minorum<\/span>\n            <\/span>\n          <\/p>\n          <p style=\"text-align: center;\">\n            <span style=\"font-weight: 700; font-size: 2.25rem;\">\n              <span class=\"u-custom-font u-font-arial\" style=\"text-transform: uppercase;\">zakon braci mniejszych<\/span>\n            <\/span>\n          <\/p>\n          <p style=\"text-align: left;\">\n            <span style=\"line-height: 2.0;\">\n              <img decoding=\"async\" align=\"middle\" style=\"width: 519px;\" class=\"fr-dii fr-fic fr-fil\" src=\"http:\/\/hrubieszow.bernardyni.pl\/wp-content\/uploads\/2023\/12\/ofm.jpg\" width=\"570\">\n            <\/span>\n          <\/p>\n          <p id=\"isPasted\" style=\"text-align: left;\">\n            <span style=\"font-weight: 700;\">ZA\u0141O\u017bYCIEL: \u015aW. FRANCISZEK Z ASY\u017bU<\/span>\n          <\/p>\n          <p style=\"text-align: left;\">\n            <span style=\"font-weight: 700;\">STR\u00d3J ZAKONNY<\/span>\n          <\/p>\n          <p style=\"text-align: left;\">Br\u0105zowy habit z kapturem, przepasany bia\u0142ym sznurem z trzema w\u0119z\u0142ami, oznaczaj\u0105cymi trzy \u015bluby zakonne: pos\u0142usze\u0144stwo, ub\u00f3stwo i czysto\u015b\u0107.<\/p>\n          <p style=\"text-align: left;\">\n            <span style=\"font-weight: 700;\">HAS\u0141O: POK\u00d3J I DOBRO!<\/span>\n          <\/p>\n          <p style=\"text-align: left;\">\n            <span style=\"font-weight: 700;\">NAJBARDZIEJ ZNANI \u015aWI\u0118CI:<\/span>\n          <\/p>\n          <p style=\"text-align: left;\">Franciszek z Asy\u017cu, Antoni z Padwy, Bonawentura, Bernardyn ze Sieny, Jan Kapistran<\/p>\n        <\/div>\n        <div class=\"fr-view u-align-right u-clearfix u-rich-text u-text u-text-2\" data-animation-name=\"customAnimationIn\" data-animation-duration=\"1000\">\n          <p id=\"isPasted\" style=\"text-align: justify;\">\n            <span style=\"line-height: 2.0;\">\n              <img decoding=\"async\" align=\"middle\" style=\"width: 622px;\" class=\"fr-dii fr-fic fr-fir\" src=\"http:\/\/hrubieszow.bernardyni.pl\/wp-content\/uploads\/2023\/12\/franciszek-1.jpg\" width=\"570\">\n            <\/span>\n          <\/p>\n          <p id=\"isPasted\" style=\"text-align: justify;\">\n            <span style=\"font-size: 1.5rem; text-transform: uppercase; font-weight: 700;\">historia zakonu<\/span>\n          <\/p>\n          <p style=\"text-align: justify;\">\n            <span style=\"font-size: 0.75rem;\">N<span>ied\u0142ugo po porzuceniu przez niego wszelkiego rodzinnego dobytku do\u0142\u0105czyli do niego inni towarzysze. Troszczyli si\u0119 o tr\u0119dowatych \u017cyj\u0105cych poza Asy\u017cem i naprawiali zrujnowane ko\u015bcio\u0142y. Ich \u017cycie by\u0142o niezwykle surowe, ale \u017cyli w niezwyk\u0142ej rado\u015bci. Charakterystycznym dla nich by\u0142 duch s\u0142u\u017cby dla ubogich i wykluczonych oraz wielka ufno\u015b\u0107 w opatrzno\u015bciow\u0105 opiek\u0119 Boga.<\/span>\n            <\/span>\n          <\/p>\n          <p style=\"text-align: justify;\">\n            <span style=\"font-size: 0.75rem;\">W 1209 r. Franciszek wraz z niewielk\u0105 grup\u0105 pierwszych na\u015bladowc\u00f3w udali si\u0119 pieszo z Asy\u017cu do Rzymu, aby prosi\u0107 papie\u017ca o zatwierdzenie ich sposobu \u017cycia. Papie\u017c Innocenty III, po nocnym \u015bnie, w kt\u00f3rym ujrza\u0142 Franciszka podtrzymuj\u0105cego wal\u0105c\u0105 si\u0119 Bazylik\u0119 Latera\u0144sk\u0105, zatwierdzi\u0142 ich spos\u00f3b \u017cycia.<\/span>\n          <\/p>\n          <p style=\"text-align: justify;\">\n            <span style=\"font-size: 0.75rem;\">Liczba braci i si\u00f3str gwa\u0142townie wzrasta\u0142a - z male\u0144kiego ko\u015bcio\u0142a Matki Bo\u017cej Anielskiej w Asy\u017cu (zwanego Porcjunkul\u0105) bracia rozprzestrzenili si\u0119 na ca\u0142\u0105 Europ\u0119 ju\u017c za \u017cycia \u015bw. Franciszka. W pocz\u0105tkach dzia\u0142alno\u015bci misyjnej Zakonu pierwsi m\u0119czennicy zostali zabici w Maroku w 1220 r. Sam Franciszek uda\u0142 si\u0119 do Ziemi \u015awi\u0119tej podczas wypraw krzy\u017cowych, gdzie odby\u0142 pe\u0142ne szacunku spotkanie z su\u0142tanem, rozmawiaj\u0105c z nim o sprawach duchowych.<\/span>\n          <\/p>\n          <p style=\"text-align: justify;\">\n            <span style=\"font-size: 0.75rem;\">Na dwa lata przed swoj\u0105 \u015bmierci\u0105 otrzyma\u0142 na G\u00f3rze Alwernia stygmaty - zewn\u0119trzne znaki szczeg\u00f3lnej relacji z Bogiem i zjednoczenia z M\u0119k\u0105 Chrystusa. Pomimo ci\u0119\u017ckiego stanu zdrowia uwielbia\u0142 Boga \u015bpiewem, a\u017c Siostra \u015amier\u0107 przysz\u0142a go odwiedzi\u0107 w 1226 roku.<\/span>\n          <\/p>\n          <p style=\"text-align: justify;\">\n            <span style=\"font-size: 0.75rem;\">Po jego \u015bmierci dyskusje na temat kszta\u0142tu Zakonu przybra\u0142y na sile. Du\u017ce kontrowersje wzbudza\u0142 \u015blub ub\u00f3stwa i jego rozumienie. Bracia pochodz\u0105cy spoza W\u0142och byli \u015bwiadomi, \u017ce aby skutecznie ewangelizowa\u0107 potrzebne jest zaplecze w postaci dom\u00f3w czy ksi\u0119gozbior\u00f3w. Tej opinii nie podzielali bracia zwi\u0105zani z kolebk\u0105 zakonu \u2013 Asy\u017cem. Oni pragn\u0119li utrzyma\u0107 prosty spos\u00f3b \u017cycia, na wz\u00f3r tego, kt\u00f3ry znali z pierwszych lat istnienia Zakonu. Z czasem wy\u0142oni\u0142 si\u0119 nurt franciszkanizmu, zwany konwentualizmem. Bracia konwentualni zaprzestali w\u0119drownego kaznodziejstwa na rzecz duszpasterstwa w du\u017cych o\u015brodkach. Podzia\u0142 ten usankcjonowa\u0142 si\u0119 w 1517 r. Nast\u0119pnie spo\u015br\u00f3d braci konwentualnych wy\u0142oni\u0142a si\u0119 w 1525 r. grupa braci, kt\u00f3ra chcia\u0142a prowadzi\u0107 ewangelizacj\u0119 na spos\u00f3b w\u0119drowny. Charakterystycznym elementem ich \u017cycia sta\u0142a si\u0119 broda i habit ze sto\u017ckowatym kapturem. Pe\u0142na niezale\u017cno\u015b\u0107 tej trzeciej ga\u0142\u0119zi Zakonu zosta\u0142a nadana w roku 1619.<\/span>\n          <\/p>\n          <p style=\"text-align: justify;\">\n            <span style=\"font-size: 0.75rem;\">Najwi\u0119kszy rozkwit Zakonu nast\u0105pi\u0142 w wieku XVIII, kiedy to trzy ga\u0142\u0119zie zakonne liczy\u0142y \u0142\u0105cznie ok. 130 tys. Braci na ca\u0142ym \u015bwiecie. Dzi\u015b jest to oko\u0142o 27 tys. cz\u0142onk\u00f3w.<\/span>\n          <\/p>\n        <\/div>\n      <\/div>\n    <\/section>\n    \n    \n    \n  \n","protected":false},"excerpt":{"rendered":"<p>ordo fratrum minorum zakon braci mniejszych ZA\u0141O\u017bYCIEL: \u015aW. FRANCISZEK Z ASY\u017bU STR\u00d3J ZAKONNY Br\u0105zowy habit z kapturem, przepasany bia\u0142ym sznurem z trzema w\u0119z\u0142ami, oznaczaj\u0105cymi trzy \u015bluby zakonne: pos\u0142usze\u0144stwo, ub\u00f3stwo i czysto\u015b\u0107. HAS\u0141O: POK\u00d3J I DOBRO! NAJBARDZIEJ ZNANI \u015aWI\u0118CI: Franciszek z Asy\u017cu, Antoni z Padwy, Bonawentura, Bernardyn ze Sieny, Jan Kapistran historia zakonu Nied\u0142ugo po porzuceniu &hellip; <a href=\"https:\/\/hrubieszow.bernardyni.pl\/index.php\/historia\/\" class=\"more-link\">Continue reading<span class=\"screen-reader-text\"> &#8222;Historia&#8221;<\/span><\/a><\/p>\n","protected":false},"author":2,"featured_media":0,"parent":0,"menu_order":0,"comment_status":"closed","ping_status":"closed","template":"","meta":{"footnotes":""},"class_list":["post-3387","page","type-page","status-publish","hentry"],"_links":{"self":[{"href":"https:\/\/hrubieszow.bernardyni.pl\/index.php\/wp-json\/wp\/v2\/pages\/3387","targetHints":{"allow":["GET"]}}],"collection":[{"href":"https:\/\/hrubieszow.bernardyni.pl\/index.php\/wp-json\/wp\/v2\/pages"}],"about":[{"href":"https:\/\/hrubieszow.bernardyni.pl\/index.php\/wp-json\/wp\/v2\/types\/page"}],"author":[{"embeddable":true,"href":"https:\/\/hrubieszow.bernardyni.pl\/index.php\/wp-json\/wp\/v2\/users\/2"}],"replies":[{"embeddable":true,"href":"https:\/\/hrubieszow.bernardyni.pl\/index.php\/wp-json\/wp\/v2\/comments?post=3387"}],"version-history":[{"count":0,"href":"https:\/\/hrubieszow.bernardyni.pl\/index.php\/wp-json\/wp\/v2\/pages\/3387\/revisions"}],"wp:attachment":[{"href":"https:\/\/hrubieszow.bernardyni.pl\/index.php\/wp-json\/wp\/v2\/media?parent=3387"}],"curies":[{"name":"wp","href":"https:\/\/api.w.org\/{rel}","templated":true}]}}