{"id":5132,"date":"2026-03-28T10:00:54","date_gmt":"2026-03-28T09:00:54","guid":{"rendered":"https:\/\/hrubieszow.bernardyni.pl\/?page_id=5132"},"modified":"2026-04-02T06:52:35","modified_gmt":"2026-04-02T04:52:35","slug":"ochrona-dzieci","status":"publish","type":"page","link":"https:\/\/hrubieszow.bernardyni.pl\/index.php\/ochrona-dzieci\/","title":{"rendered":"Ochrona dzieci"},"content":{"rendered":"\n    \n    <section class=\"u-clearfix u-section-2\" id=\"block-1\">\n      <div class=\"u-clearfix u-sheet u-sheet-1\">\n        <h2 class=\"u-text u-text-default u-text-1\"> STANDARDY OCHRONY DZIECI W DUSZPASTERSTWIE PARAFIALNYM <\/h2>\n        <p class=\"u-align-center u-text u-text-default u-text-2\"> STANDARDY OCHRONY DZIECI W DUSZPASTERSTWIE PARAFIALNYM \n    Parafii \u015aw. Stanis\u0142awa Kostki&nbsp;w\n        Hrubieszowie\n    obowi\u0105zuj\u0105 w naszej Parafii od dnia 8 sierpnia 2024 roku i s\u0105 do\n      pobrania w za\u0142\u0105cznikach:<\/p>\n        <a href=\"https:\/\/hrubieszow.bernardyni.pl\/wp-content\/uploads\/2026\/04\/STANDARDY-skrot-2026.pdf\" class=\"u-btn u-btn-round u-button-style u-file-link u-hover-palette-1-light-1 u-palette-1-base u-radius u-btn-1\">ZA\u0141\u0104CZNIK 1<\/a>\n        <a href=\"https:\/\/hrubieszow.bernardyni.pl\/wp-content\/uploads\/2026\/04\/STANDARDY-OCHRONY-DZIECI.pdf\" class=\"u-btn u-btn-round u-button-style u-file-link u-hover-palette-1-light-1 u-palette-1-base u-radius u-btn-2\">ZA\u0141\u0104CZNIK 2<br>\n        <\/a>\n      <\/div>\n    <\/section>\n    \n    \n    \n  \n","protected":false},"excerpt":{"rendered":"<p>STANDARDY OCHRONY DZIECI W DUSZPASTERSTWIE PARAFIALNYM STANDARDY OCHRONY DZIECI W DUSZPASTERSTWIE PARAFIALNYM Parafii \u015aw. Stanis\u0142awa Kostki&nbsp;w Hrubieszowie obowi\u0105zuj\u0105 w naszej Parafii od dnia 8 sierpnia 2024 roku i s\u0105 do pobrania w za\u0142\u0105cznikach: ZA\u0141\u0104CZNIK 1 ZA\u0141\u0104CZNIK 2<\/p>\n","protected":false},"author":2,"featured_media":0,"parent":0,"menu_order":0,"comment_status":"closed","ping_status":"closed","template":"","meta":{"footnotes":""},"class_list":["post-5132","page","type-page","status-publish","hentry"],"_links":{"self":[{"href":"https:\/\/hrubieszow.bernardyni.pl\/index.php\/wp-json\/wp\/v2\/pages\/5132","targetHints":{"allow":["GET"]}}],"collection":[{"href":"https:\/\/hrubieszow.bernardyni.pl\/index.php\/wp-json\/wp\/v2\/pages"}],"about":[{"href":"https:\/\/hrubieszow.bernardyni.pl\/index.php\/wp-json\/wp\/v2\/types\/page"}],"author":[{"embeddable":true,"href":"https:\/\/hrubieszow.bernardyni.pl\/index.php\/wp-json\/wp\/v2\/users\/2"}],"replies":[{"embeddable":true,"href":"https:\/\/hrubieszow.bernardyni.pl\/index.php\/wp-json\/wp\/v2\/comments?post=5132"}],"version-history":[{"count":5,"href":"https:\/\/hrubieszow.bernardyni.pl\/index.php\/wp-json\/wp\/v2\/pages\/5132\/revisions"}],"predecessor-version":[{"id":5139,"href":"https:\/\/hrubieszow.bernardyni.pl\/index.php\/wp-json\/wp\/v2\/pages\/5132\/revisions\/5139"}],"wp:attachment":[{"href":"https:\/\/hrubieszow.bernardyni.pl\/index.php\/wp-json\/wp\/v2\/media?parent=5132"}],"curies":[{"name":"wp","href":"https:\/\/api.w.org\/{rel}","templated":true}]}}